s 18 (base 11) in base 9?
21
What is 1011 (base 2) in base 12?
b
200 (base 9) to base 14
b8
What is 1 (base 5) in base 13?
1
2 (base 13) to base 6
2
-2 (base 9) to base 7
-2
Convert 6 (base 10) to base 11.
6
What is 17 (base 10) in base 13?
14
-1b1 (base 14) to base 7
-1011
What is -24 (base 13) in base 6?
-50
What is -5 (base 13) in base 14?
-5
Convert -1 (base 14) to base 12.
-1
What is -61 (base 7) in base 10?
-43
What is 18 (base 9) in base 12?
15
-74 (base 16) to base 8
-164
Convert 3 (base 16) to base 14.
3
What is 332 (base 6) in base 7?
242
Convert -1020 (base 4) to base 14.
-52
What is 2222 (base 3) in base 6?
212
Convert -64 (base 7) to base 2.
-101110
What is -9 (base 11) in base 15?
-9
Convert -23 (base 8) to base 3.
-201
-6 (base 11) to base 2
-110
Convert 6 (base 12) to base 5.
11
What is 213 (base 4) in base 11?
36
-3 (base 12) to base 6
-3
What is -201 (base 4) in base 15?
-23
-15 (base 12) to base 5
-32
Convert 21 (base 7) to base 16.
f
Convert -e (base 16) to base 10.
-14
Convert 1 (base 9) to base 12.
1
Convert 11 (base 14) to base 10.
15
What is 42 (base 7) in base 13?
24
0 (base 3) to base 15
0
Convert 21 (base 10) to base 5.
41
-100 (base 2) to base 8
-4
-23 (base 8) to base 7
-25
What is 87 (base 11) in base 9?
115
What is 36 (base 7) in base 13?
21
What is 0 (base 3) in base 8?
0
What is -221 (base 4) in base 16?
-29
Convert -244 (base 6) to base 13.
-79
What is 0 (base 3) in base 13?
0
What is 20 (base 8) in base 3?
121
12 (base 16) to base 14
14
What is -b5 (base 16) in base 13?
-10c
Convert -9a (base 12) to base 5.
-433
100 (base 2) to base 14
4
110 (base 2) to base 12
6
-2 (base 6) to base 9
-2
What is -26 (base 11) in base 8?
-34
1011101 (base 2) to base 13
72
-1001 (base 2) to base 13
-9
Convert 5f (base 16) to base 8.
137
12 (base 6) to base 8
10
2 (base 12) to base 6
2
-321 (base 4) to base 16
-39
What is 5 (base 14) in base 10?
5
-330 (base 7) to base 15
-b3
-2 (base 16) to base 10
-2
What is -7 (base 16) in base 11?
-7
-22 (base 3) to base 16
-8
31 (base 8) to base 2
11001
Convert 204 (base 5) to base 14.
3c
What is 0 (base 6) in base 11?
0
1014 (base 5) to base 13
a4
What is 31 (base 9) in base 11?
26
-27 (base 16) to base 9
-43
Convert 4 (base 12) to base 9.
4
What is 22 (base 8) in base 6?
30
What is -1000100 (base 2) in base 3?
-2112
Convert 2 (base 16) to base 4.
2
0 (base 5) to base 3
0
10000 (base 2) to base 4
100
27 (base 16) to base 2
100111
Convert 7 (base 13) to base 4.
13
Convert 2 (base 14) to base 2.
10
What is a (base 16) in base 7?
13
What is 2 (base 11) in base 15?
2
Convert 30 (base 5) to base 8.
17
103 (base 9) to base 12
70
2 (base 14) to base 10
2
Convert 23 (base 11) to base 16.
19
1100 (base 2) to base 16
c
What is 44 (base 13) in base 7?
110
Convert -1425 (base 6) to base 15.
-1a2
-11 (base 13) to base 6
-22
What is -3 (base 7) in base 13?
-3
-1100 (base 2) to base 15
-c
Convert 16 (base 14) to base 6.
32
Convert -4 (base 7) to base 5.
-4
What is 7 (base 14) in base 10?
7
Convert -5 (base 16) to base 7.
-5
What is 13 (base 10) in base 4?
31
Convert -8 (base 12) to base 15.
-8
What is 100000 (base 2) in base 15?
22
-6 (base 10) to base 13
-6
Convert 19b (base 14) to base 5.
2313
17 (base 12) to base 5
34
20 (base 4) to base 9
8
What is -331 (base 6) in base 15?
-87
What is -1 (base 11) in base 13?
-1
10000 (base 2) to base 13
13
What is d (base 14) in base 11?
12
-3 (base 12) to base 14
-3
-103 (base 8) to base 15
-47
What is -3 (base 12) in base 14?
-3
What is -24 (base 5) in base 9?
-15
Convert -1 (base 8) to base 14.
-1
What is -3 (base 6) in base 5?
-3
What is -9 (base 14) in base 8?
-11
What is 120 (base 8) in base 16?
50
-10 (base 9) to base 10
-9
Convert -1 (base 5) to base 9.
-1
Convert -228 (base 11) to base 14.
-156
What is 15 (base 11) in base 5?
31
Convert -1 (base 10) to base 8.
-1
-34 (base 8) to base 13
-22
What is -c (base 16) in base 13?
-c
What is 0 (base 3) in base 5?
0
Convert -3 (base 16) to base 2.
-11
Convert -1042 (base 6) to base 2.
-11110010
-5 (base 15) to base 8
-5
Convert 101111 (base 2) to base 5.
142
Convert 445 (base 6) to base 16.
ad
What is 20 (base 6) in base 5?
22
Convert 5 (base 13) to base 16.
5
Convert 25 (base 8) to base 5.
41
100 (base 2) to base 8
4
What is -5 (base 6) in base 8?
-5
-16 (base 9) to base 16
-f
What is -6 (base 11) in base 14?
-6
Convert -2a3 (base 11) to base 5.
-2410
Convert 1 (base 12) to base 7.
1
Convert 10001 (base 2) to base 12.
15
2 (base 13) to base 12
2
Convert 2 (base 9) to base 7.
2
Convert -3d (base 16) to base 3.
-2021
Convert 6 (base 7) to base 12.
6
Convert -13 (base 12) to base 2.
-1111
Convert -513 (base 7) to base 2.
-11111111
Convert -10 (base 10) to base 6.
-14
Convert -13 (base 4) to base 8.
-7
-6 (base 9) to base 4
-12
3 (base 8) to base 6
3
What is 1121 (base 3) in base 4?
223
What is 63 (base 7) in base 11?
41
420 (base 5) to base 3
11002
What is -10 (base 5) in base 9?
-5
Convert 16 (base 10) to base 15.
11
Convert -3 (base 4) to base 12.
-3
Convert 77 (base 11) to base 6.
220
What is 14 (base 10) in base 5?
24
Convert -266 (base 8) to base 2.
-10110110
1 (base 13) to base 10
1
53 (base 8) to base 7
61
Convert 10 (base 5) to base 14.
5
Convert 3 (base 7) to base 16.
3
Convert 3 (base 4) to base 7.
3
Convert 216 (base 10) to base 11.
187
-4 (base 14) to base 2
-100
19 (base 16) to base 3
221
What is 5 (base 11) in base 12?
5
What is 250 (base 7) in base 11?
111
Convert -4 (base 9) to base 3.
-11
Convert 20 (base 10) to base 9.
22
What is -37 (base 13) in base 10?
-46
What is -27 (base 9) in base 15?
-1a
-3 (base 10) to base 5
-3
What is -111 (base 8) in base 7?
-133
What is -26 (base 7) in base 5?
-40
What is c6 (base 13) in base 2?
10100010
Convert -3 (base 4) to base 14.
-3
22 (base 5) to base 11
11
What is 60 (base 8) in base 4?
300
Convert -20 (base 7) to base 11.
-13
Convert 8 (base 14) to base 13.
8
What is -31 (base 4) in base 16?
-d
What is -13 (base 5) in base 15?
-8
164 (base 9) to base 8
213
What is -9 (base 15) in base 3?
-100
-11 (base 4) to base 14
-5
Convert -1011 (base 2) to base 16.
-b
What is -3 (base 10) in base 2?
-11
Convert -10110010 (base 2) to base 3.
-20121
Convert 10 (base 5) to base 9.
5
What is -1001 (base 2) in base 15?
-9
What is 1 (base 9) in base 8?
1
Convert -2 (base 14) to base 5.
-2
Convert -9 (base 15) to base 13.
-9
Convert -1 (base 15) to base 12.
-1
Convert -11 (base 9) to base 5.
-20
Convert 20 (base 16) to base 4.
200
Convert -8d (base 16) to base 7.
-261
Convert -14 (base 7) to base 2.
-1011
Convert 0 (base 10) to base 11.
0
What is -3001 (base 4) in base 12?
-141
Convert 3 (base 16) to base 10.
3
What is 12 (base 14) in base 11?
15
15 (base 11) to base 3
121
Convert -11 (base 4) to base 6.
-5
154 (base 11) to base 8
264
-230 (base 4) to base 15
-2e
Convert 122 (base 8) to base 9.
101
What is -1121 (base 3) in base 4?
-223
3 (base 9) to base 11
3
-100 (base 2) to base 6
-4
-61 (base 7) to base 13
-34
100210 (base 3) to base 8
410
51 (base 16) to base 15
56
Convert -21 (base 4) to base 5.
-14
What is -7 (base 16) in base 8?
-7
-1 (base 2) to base 14
-1
What is 10 (base 2) in base 10?
2
Convert -127 (base 11) to base 7.
-303
1 (base 2) to base 11
1
Convert -171 (base 12) to base 4.
-3211
What is 11 (base 4) in base 11?
5
Convert d9 (base 16) to base 12.
161
39 (base 16) to base 13
45
Convert 30 (base 5) to base 7.
21
What is -1b (base 15) in base 16?
-1a
Convert 55 (base 11) to base 8.
74
-1111 (base 3) to base 10
-40
-34 (base 16) to base 2
-110100
4 (base 12) to base 3
11
Convert -9 (base 13) to base 3.
-100
What is -3 (base 12) in base 15?
-3
Convert 10 (base 5) to base 13.
5
What is 145 (base 10) in base 11?
122
-10000 (base 2) to base 5
-31
What is -6 (base 12) in base 2?
-110
-46 (base 7) to base 15
-24
What is 42 (base 10) in base 9?
46
134 (base 9) to base 2
1110000
Convert -7 (base 14) to base 6.
-11
What is -110122 (base 3) in base 14?
-1a5
What is -10011 (base 2) in base 5?
-34
-24 (base 9) to base 2
-10110
-110001 (base 3) to base 5
-2300
What is -153 (base 8) in base 7?
-212
What is -4 (base 8) in base 7?
-4
What is -101 (base 2) in base 14?
-5
Convert 154 (base 8) to base 3.
11000
What is -19 (base 13) in base 14?
-18
What is -3 (base 16) in base 9?